{"id":1744,"date":"2018-11-28T16:37:25","date_gmt":"2018-11-28T15:37:25","guid":{"rendered":"http:\/\/aza.ch.lucius.ch-meta.net\/praxis\/vehicule-de-fonction-a-des-fins-privees\/"},"modified":"2023-08-30T11:22:50","modified_gmt":"2023-08-30T09:22:50","slug":"vehicule-de-fonction-a-des-fins-privees","status":"publish","type":"praxis","link":"https:\/\/aza.ch\/fr\/praxis\/vehicule-de-fonction-a-des-fins-privees\/","title":{"rendered":"V\u00e9hicule de fonction \u00e0 des fins priv\u00e9es"},"content":{"rendered":"\n<p>La mise \u00e0 disposition d\u2019un v\u00e9hicule de fonction \u00e0 des fins priv\u00e9es est un <strong>revenu en nature.<\/strong> En tant que composante salariale, ces prestations sont en g\u00e9n\u00e9ral soumises dans une certaine mesure \u00e0 l\u2019obligation de cotisation AVS. Les caisses de compensation doivent estimer ce montant \u2013 c&rsquo;est-\u00e0-dire le revenu en nature soumis \u00e0 l\u2019AVS \u2013 au cas par cas.<\/p>\n\n\n\n<p>Dans l\u2019exemple <strong>d\u2019un v\u00e9hicule de fonction mis \u00e0 disposition \u00e0 des fins priv\u00e9es,<\/strong> les caisses de compensation se basent g\u00e9n\u00e9ralement sur <strong>l\u2019\u00e9valuation de l&rsquo;administration fiscale.<\/strong> Depuis cette ann\u00e9e au plus tard, <strong>un taux uniforme de 0,9% du <\/strong><strong>prix d&rsquo;achat<\/strong> (hors TVA) est appliqu\u00e9 pour le calcul du <strong>revenu mensuel en nature<\/strong> (soumis \u00e0 l\u2019AVS et aux imp\u00f4ts).<\/p>\n\n\n\n<p>Des dispositions particuli\u00e8res s\u2019appliquent aux v\u00e9hicules en leasing. Dans ce cas, veuillez nous contacter pour plus d\u2019informations.<\/p>\n","protected":false},"parent":0,"template":"","tax_bereich":[80],"class_list":["post-1744","praxis","type-praxis","status-publish","hentry","tax_bereich-affilies"],"acf":[],"_links":{"self":[{"href":"https:\/\/aza.ch\/fr\/wp-json\/wp\/v2\/praxis\/1744","targetHints":{"allow":["GET"]}}],"collection":[{"href":"https:\/\/aza.ch\/fr\/wp-json\/wp\/v2\/praxis"}],"about":[{"href":"https:\/\/aza.ch\/fr\/wp-json\/wp\/v2\/types\/praxis"}],"wp:attachment":[{"href":"https:\/\/aza.ch\/fr\/wp-json\/wp\/v2\/media?parent=1744"}],"wp:term":[{"taxonomy":"tax_bereich","embeddable":true,"href":"https:\/\/aza.ch\/fr\/wp-json\/wp\/v2\/tax_bereich?post=1744"}],"curies":[{"name":"wp","href":"https:\/\/api.w.org\/{rel}","templated":true}]}}

Véhicule de fonction à des fins privées

<p>La mise à disposition d’un véhicule de fonction à des fins privées est un <strong>revenu en nature.</strong> En tant que composante salariale, ces prestations sont en général soumises dans une certaine mesure à l’obligation de cotisation AVS. Les caisses de compensation doivent estimer ce montant – c&rsquo;est-à-dire le revenu en nature soumis à l’AVS – au cas par cas.</p>



<p>Dans l’exemple <strong>d’un véhicule de fonction mis à disposition à des fins privées,</strong> les caisses de compensation se basent généralement sur <strong>l’évaluation de l&rsquo;administration fiscale.</strong> Depuis cette année au plus tard, <strong>un taux uniforme de 0,9% du </strong><strong>prix d&rsquo;achat</strong> (hors TVA) est appliqué pour le calcul du <strong>revenu mensuel en nature</strong> (soumis à l’AVS et aux impôts).</p>



<p>Des dispositions particulières s’appliquent aux véhicules en leasing. Dans ce cas, veuillez nous contacter pour plus d’informations.</p>
