{"id":1726,"date":"2018-11-28T15:59:23","date_gmt":"2018-11-28T14:59:23","guid":{"rendered":"http:\/\/aza.ch.lucius.ch-meta.net\/praxis\/declaration-de-salaire-avec-le-systeme-de-comptabilite-salariale-certifie-swissdec\/"},"modified":"2018-12-12T17:04:53","modified_gmt":"2018-12-12T16:04:53","slug":"declaration-de-salaire-avec-le-systeme-de-comptabilite-salariale-certifie-swissdec","status":"publish","type":"praxis","link":"https:\/\/aza.ch\/fr\/praxis\/declaration-de-salaire-avec-le-systeme-de-comptabilite-salariale-certifie-swissdec\/","title":{"rendered":"D\u00e9claration de salaire avec le syst\u00e8me de comptabilit\u00e9 salariale certifi\u00e9 Swissdec"},"content":{"rendered":"\n<p>Veuillez consulter la brochure de swissdec. Si vous ne travaillez pas d\u00e9j\u00e0 avec un programme de comptabilit\u00e9 salariale ou avec un programme permettant un transfert direct des donn\u00e9es salariales, alors il vaut la peine de jeter un coup d\u2019\u0153il \u00e0 cette brochure.<\/p>\n\n\n\n<p><a rel=\"noreferrer noopener\" href=\"http:\/\/aza.ch.lucius.ch-meta.net\/ausgleichskasse\/assets\/uploads\/swissdec_Flyer_2012_FR_web.pdf\" target=\"_blank\">swissdec-Flyer<\/a><br><\/p>\n","protected":false},"parent":0,"template":"","tax_bereich":[80],"class_list":["post-1726","praxis","type-praxis","status-publish","hentry","tax_bereich-affilies"],"acf":[],"_links":{"self":[{"href":"https:\/\/aza.ch\/fr\/wp-json\/wp\/v2\/praxis\/1726","targetHints":{"allow":["GET"]}}],"collection":[{"href":"https:\/\/aza.ch\/fr\/wp-json\/wp\/v2\/praxis"}],"about":[{"href":"https:\/\/aza.ch\/fr\/wp-json\/wp\/v2\/types\/praxis"}],"wp:attachment":[{"href":"https:\/\/aza.ch\/fr\/wp-json\/wp\/v2\/media?parent=1726"}],"wp:term":[{"taxonomy":"tax_bereich","embeddable":true,"href":"https:\/\/aza.ch\/fr\/wp-json\/wp\/v2\/tax_bereich?post=1726"}],"curies":[{"name":"wp","href":"https:\/\/api.w.org\/{rel}","templated":true}]}}

Déclaration de salaire avec le système de comptabilité salariale certifié Swissdec

<p>Veuillez consulter la brochure de swissdec. Si vous ne travaillez pas déjà avec un programme de comptabilité salariale ou avec un programme permettant un transfert direct des données salariales, alors il vaut la peine de jeter un coup d’œil à cette brochure.</p>



<p><a rel="noreferrer noopener" href="http://aza.ch.lucius.ch-meta.net/ausgleichskasse/assets/uploads/swissdec_Flyer_2012_FR_web.pdf" target="_blank">swissdec-Flyer</a><br></p>
