{"id":1602,"date":"2018-11-27T14:54:33","date_gmt":"2018-11-27T13:54:33","guid":{"rendered":"http:\/\/aza.ch.lucius.ch-meta.net\/laza\/"},"modified":"2026-01-05T09:39:32","modified_gmt":"2026-01-05T08:39:32","slug":"aza","status":"publish","type":"page","link":"https:\/\/aza.ch\/fr\/aza\/","title":{"rendered":"L\u2019AZA"},"content":{"rendered":"\n<p>L\u2019Ausgleichskasse Z\u00fcrcher Arbeitgeber (AZA) a \u00e9t\u00e9 fond\u00e9e en 1948, en m\u00eame temps que l\u2019entr\u00e9e en vigueur de la Loi f\u00e9d\u00e9rale sur l\u2019assurance-vieillesse et survivants (LAVS). Il s\u2019agit d\u2019une institution de droit public soumise au contr\u00f4le et \u00e0 la surveillance de la Conf\u00e9d\u00e9ration. <\/p>\n\n\n\n<p>Avec l\u2019introduction de la loi zurichoise sur les allocations familiales en 1959, la <strong>Familienausgleichskasse Z\u00fcrcher Arbeitgeber (FZA)<\/strong>a \u00e9t\u00e9 fond\u00e9e comme affiliation au sens des art. 60 et suivants du Code civil suisse. Elle met \u00e9galement en \u0153uvre l&rsquo;Ordonnance sur les allocations familiales pour les entreprises affili\u00e9es \u00e0 l\u2019AZA. Depuis 2009, la FZA est reconnue dans tous les cantons et met en \u0153uvre les 26 r\u00e8glements cantonaux sur les primes. L\u2019AZA et la FZA sont g\u00e9r\u00e9es par la m\u00eame \u00e9quipe.<\/p>\n\n\n\n<h2 class=\"wp-block-heading\" id=\"caractere\"><strong>Caract\u00e8re<\/strong><\/h2>\n\n\n\n<p>En tant qu\u2019entreprise de services \u00e0 but non lucratif, nous sommes enti\u00e8rement au service de nos clients: les entreprises affili\u00e9es, les b\u00e9n\u00e9ficiaires de prestations et les assur\u00e9s. Pour eux, nous souhaitons \u00e0 tout moment faire office de partenaire compr\u00e9hensif et serviable et leur offrir un service comp\u00e9tent et orient\u00e9 sur la pratique.Telle est notre exigence. <\/p>\n\n\n\n<p>Le <a href=\"https:\/\/aza.ch\/fr\/connect\/\">\u00abconnect\u00bb<\/a>, notre plateforme eBusiness, offre aux entreprises affili\u00e9es la possibilit\u00e9 de traiter leurs affaires sous forme \u00e9lectronique et de r\u00e9duire ainsi significativement le travail ad-ministratif.<\/p>\n\n\n\n<p>Avec ses 36 employ\u00e9s, l\u2019AZA a une taille humaine. Nos canaux de communication sont courts et directs. Pour chaque domaine sp\u00e9cialis\u00e9, nous disposons de plusieurs interlocuteurs comp\u00e9tents pour des conseils individuels et des transactions simples. <\/p>\n\n\n\n<p>L\u2019AZA est membre de <a href=\"http:\/\/www.vvak.ch\/\" target=\"_blank\" rel=\"noreferrer noopener\">l\u2019Association suisse des caisses de compensation professionnelles (ACCP)<\/a>. Ses affili\u00e9s sont les seuls sp\u00e9cialistes non gouvernementaux de la mise en \u0153uvre du premier pilier. En tant que prestataires de services priv\u00e9s, ind\u00e9pendants et neutres, ils garantissent un haut niveau de s\u00e9curit\u00e9 dans le traitement des assurances sociales.<\/p>\n\n\n\n<p>En collaboration avec les caisses cantonales de compensation, les caisses de compensation de l\u2019affiliation assurent la mise en \u0153uvre d\u00e9centralis\u00e9e de l\u2019AVS et des assurances sociales y aff\u00e9rentes, telles que l\u2019AI, l\u2019APG et les allocations familiales, comme pr\u00e9vu par la Constitution. Ce mod\u00e8le est constitutionnellement \u00e9tabli et a fait ses preuves depuis plus de 70 ans. Il est orient\u00e9 vers le citoyen, flexible, facilement contr\u00f4lable et encourage une mise en \u0153uvre efficace et, gr\u00e2ce \u00e0 la concurrence, rentable. Les caisses de compensation sont des entreprises \u00e0 but non lucratif typiques. <\/p>\n\n\n\n<h2 class=\"wp-block-heading\" id=\"taches\">T\u00e2ches<\/h2>\n\n\n\n<p>L\u2019AZA g\u00e8re les assurances sociales et t\u00e2che y relatives ci-apr\u00e8s:<\/p>\n\n\n\n<ul class=\"wp-block-list o-list--ul\">\n<li><strong>AVS et AI<\/strong> (premier pilier) <br>Assurance vieillesse et survivants, assurance invalidit\u00e9 <\/li>\n\n\n\n<li><strong>APG<\/strong> (allocation perte de gain) <br>Prestations de compensation de perte de gain en cas de service aupr\u00e8s de l\u2019arm\u00e9e suisse, de protection civile, de service civile, de participation \u00e0 des cours de Jeunesse &amp; Sport, et en cas de maternit\u00e9 et de paternit\u00e9 <\/li>\n\n\n\n<li><strong>AMat-GE<\/strong><br>Assurance-maternit\u00e9 genevoise <\/li>\n\n\n\n<li><strong>AC<\/strong><br>Assurance ch\u00f4mage (pr\u00e9l\u00e8vement des cotisations) <\/li>\n\n\n\n<li><strong>CAF<\/strong> (Caisse d\u2019allocation familiale) <br>Mise en \u0153uvre du r\u00e8glement sur les allocations familiales dans tous les cantons <\/li>\n\n\n\n<li>Les <strong>services sociaux accessoires<\/strong>d\u00e9l\u00e9gu\u00e9s par les cantons aux caisses cantonales, tels que les fonds de formation professionnelle, les fonds familiaux, etc. (pr\u00e9l\u00e8vement des cotisations) <\/li>\n\n\n\n<li>Contr\u00f4le de <strong>l\u2019affiliation des employeurs<\/strong> pour la pr\u00e9voyance professionnelle obligatoire et l\u2019assurance-accidents (LPP et LAA) <\/li>\n\n\n\n<li>Redistribution de la <strong>taxe sur le CO<sub>2<\/sub><\/strong><\/li>\n<\/ul>\n\n\n\n<h2 class=\"wp-block-heading\" id=\"surveillance\">Surveillance<\/h2>\n\n\n\n<p>La Vereinigung Z\u00fcrcherischer Arbeitgeberorganisationen (VZA) est l\u2019organisation fondatrice et donc l\u2019organisation fa\u00eeti\u00e8re de l\u2019AZA et de la FZA. En tant qu&rsquo;organisation fa\u00eeti\u00e8re des employeurs zurichois, la VZA r\u00e9unit les quatre sous-affiliations suivantes<\/p>\n\n\n\n<ul class=\"wp-block-list o-list--ul\">\n<li><a aria-label=\"Arbeitgeber Z\u00fcrich VZH (\u00f6ffnet in neuem Tab)\" href=\"https:\/\/www.vzh.ch\" target=\"_blank\" rel=\"noreferrer noopener\">Arbeitgeber Z\u00fcrich VZH<\/a><\/li>\n\n\n\n<li>Z\u00fcrcher Bankenverband (<a aria-label=\" (\u00f6ffnet in neuem Tab)\" href=\"https:\/\/zuercher-bankenverband.ch\" target=\"_blank\" rel=\"noreferrer noopener\">ZBV<\/a>)<\/li>\n\n\n\n<li>KMU- und Gewerbeverband Kanton Z\u00fcrich (<a aria-label=\" (\u00f6ffnet in neuem Tab)\" href=\"https:\/\/www.kgv.ch\" target=\"_blank\" rel=\"noreferrer noopener\">KGV<\/a>)<\/li>\n\n\n\n<li>Vereinigung Z\u00fcrcherischer Arbeitgeberverb\u00e4nde der Industrie (<a aria-label=\" (\u00f6ffnet in neuem Tab)\" href=\"http:\/\/www.vzai.ch\" target=\"_blank\" rel=\"noreferrer noopener\">VZAI<\/a>)<\/li>\n<\/ul>\n\n\n\n<p>Les comit\u00e9s de l\u2019AZA et de la FZA sont compos\u00e9s de d\u00e9l\u00e9gu\u00e9s de ces quatre affiliations. Les comp\u00e9tences, les responsabilit\u00e9s et les fonctions sont similaires \u00e0 celles d\u2019un conseil d\u2019administration. <\/p>\n\n\n\n<ul class=\"wp-block-list o-list--ul\">\n<li><strong>Christian Bretscher<\/strong>, lic.iur. (pr\u00e9\u00adsi\u00addent)<br>Directeur et repr\u00e9sentant ZBV&nbsp;<\/li>\n\n\n\n<li><strong>Philipp Marti,<\/strong> lic.oec. HSG (vice -pr\u00e9\u00adsi\u00addent)<br>Pr\u00e9sident et repr\u00e9sentant Arbeitgeber Z\u00fcrich VZH<\/li>\n\n\n\n<li><strong>Thomas Hess,<\/strong> lic.phil. (membre)<br>Directeur et repr\u00e9sentant KGV Z\u00fcrich<\/li>\n\n\n\n<li><strong>Christian M\u00fcller <\/strong>(membre)<br>Pr\u00e9sident et repr\u00e9sentant VZAI<\/li>\n\n\n\n<li><strong>Daphne Rich<\/strong>, Dr.rer.oec.<strong> <\/strong>(membre)<br>Head Human Resources et repr\u00e9sentant der Arbeitgeber Z\u00fcrich VZH<\/li>\n<\/ul>\n\n\n\n<h2 class=\"wp-block-heading\" id=\"vision-mission\">Vision \/ Mission<\/h2>\n\n\n\n<ul class=\"wp-block-list o-list--ul\">\n<li><strong>Au service de nos clientes et clients<\/strong> \u2013 En tant que partenaire compr\u00e9hensif et serviable, nous offrons aux entreprises membres, aux b\u00e9n\u00e9ficiaires de prestations et aux assur\u00e9s un service comp\u00e9tent et ax\u00e9 sur la pratique, leur procurant ainsi une r\u00e9elle valeur ajout\u00e9e.<\/li>\n\n\n\n<li><strong>Pr\u00e9cieux pour nos fondateurs <\/strong>\u2013 Gr\u00e2ce \u00e0 nos prestations, nous cr\u00e9ons une raison essentielle d\u2019adh\u00e9rer aux associations membres de l\u2019Association des organisations patronales zurichoises.<\/li>\n\n\n\n<li><strong>Forts en \u00e9quipe<\/strong> \u2013 Nous encourageons et exigeons de nos collaboratrices et collaborateurs qu\u2019ils fournissent ensemble et individuellement des prestations de haut niveau.<\/li>\n\n\n\n<li><strong>Efficaces et efficients<\/strong> \u2013 Nous maintenons une organisation et des processus simples et personnalis\u00e9s.<\/li>\n<\/ul>\n\n\n\n<h2 class=\"wp-block-heading\" id=\"affiliation\">Affiliation<\/h2>\n\n\n\n<p>Les r\u00e8gles r\u00e9gissant le d\u00e9compte de l\u2019AVS via les caisses de compensation font partie int\u00e9grante de la loi sur l\u2019AVS et laissent peu de marge de man\u0153uvre. L\u2019AZA est en principe ouverte \u00e0 tous les travailleurs ind\u00e9pendants et \u00e0 tous les employeurs qui sont affili\u00e9s de l\u2019une des quatre organisations <a aria-label=\"Arbeitgeber Z\u00fcrich VZH (\u00f6ffnet in neuem Tab)\" href=\"https:\/\/www.vzh.ch\" target=\"_blank\" rel=\"noreferrer noopener\">Arbeitgeber Z\u00fcrich VZH<\/a>, <a href=\"https:\/\/zuercher-bankenverband.ch\" target=\"_blank\" rel=\"noreferrer noopener\">ZBV<\/a> (Z\u00fcrcher Bankenverband), <a href=\"https:\/\/www.kgv.ch\" target=\"_blank\" rel=\"noreferrer noopener\">KGV<\/a> (KMU- und Gewerbeverband Kanton Z\u00fcrich) et <a href=\"http:\/\/www.vzai.ch\" target=\"_blank\" rel=\"noreferrer noopener\">VZAI<\/a> (Vereinigung Z\u00fcrcherischer Arbeitgeberverb\u00e4nde der Industrie). Le r\u00e8glement l\u00e9gal d\u2019affiliation dicte que les affili\u00e9s de l\u2019affiliation doivent facturer l\u2019AVS, l\u2019AI, les APG, l\u2019AC et la CAF ainsi que les autres services sociaux via notre caisse de compensa-tion.<\/p>\n\n\n\n<p>En cas d\u2019affiliation \u00e0 plusieurs affiliations fondatrices de caisses de compensation, le choix est libre. En l\u2019absence d\u2019une telle affiliation, le membre est affili\u00e9 \u00e0 la caisse cantonale de compensation.<\/p>\n","protected":false},"excerpt":{"rendered":"<p>L\u2019Ausgleichskasse Z\u00fcrcher Arbeitgeber (AZA) a \u00e9t\u00e9 fond\u00e9e en 1948, en m\u00eame temps que l\u2019entr\u00e9e en vigueur de la Loi f\u00e9d\u00e9rale\u2026<\/p>\n","protected":false},"author":2,"featured_media":0,"parent":0,"menu_order":17,"comment_status":"closed","ping_status":"closed","template":"","meta":{"_acf_changed":false,"footnotes":""},"class_list":["post-1602","page","type-page","status-publish","hentry"],"acf":[],"_links":{"self":[{"href":"https:\/\/aza.ch\/fr\/wp-json\/wp\/v2\/pages\/1602","targetHints":{"allow":["GET"]}}],"collection":[{"href":"https:\/\/aza.ch\/fr\/wp-json\/wp\/v2\/pages"}],"about":[{"href":"https:\/\/aza.ch\/fr\/wp-json\/wp\/v2\/types\/page"}],"author":[{"embeddable":true,"href":"https:\/\/aza.ch\/fr\/wp-json\/wp\/v2\/users\/2"}],"replies":[{"embeddable":true,"href":"https:\/\/aza.ch\/fr\/wp-json\/wp\/v2\/comments?post=1602"}],"version-history":[{"count":0,"href":"https:\/\/aza.ch\/fr\/wp-json\/wp\/v2\/pages\/1602\/revisions"}],"wp:attachment":[{"href":"https:\/\/aza.ch\/fr\/wp-json\/wp\/v2\/media?parent=1602"}],"curies":[{"name":"wp","href":"https:\/\/api.w.org\/{rel}","templated":true}]}}

<p>L’Ausgleichskasse Zürcher Arbeitgeber (AZA) a été fondée en 1948, en même temps que l’entrée en vigueur de la Loi fédérale sur l’assurance-vieillesse et survivants (LAVS). Il s’agit d’une institution de droit public soumise au contrôle et à la surveillance de la Confédération. </p>



<p>Avec l’introduction de la loi zurichoise sur les allocations familiales en 1959, la <strong>Familienausgleichskasse Zürcher Arbeitgeber (FZA)</strong>a été fondée comme affiliation au sens des art. 60 et suivants du Code civil suisse. Elle met également en œuvre l&rsquo;Ordonnance sur les allocations familiales pour les entreprises affiliées à l’AZA. Depuis 2009, la FZA est reconnue dans tous les cantons et met en œuvre les 26 règlements cantonaux sur les primes. L’AZA et la FZA sont gérées par la même équipe.</p>



<h2 class="wp-block-heading" id="caractere"><strong>Caractère</strong></h2>



<p>En tant qu’entreprise de services à but non lucratif, nous sommes entièrement au service de nos clients: les entreprises affiliées, les bénéficiaires de prestations et les assurés. Pour eux, nous souhaitons à tout moment faire office de partenaire compréhensif et serviable et leur offrir un service compétent et orienté sur la pratique.Telle est notre exigence. </p>



<p>Le <a href="https://aza.ch/fr/connect/">«connect»</a>, notre plateforme eBusiness, offre aux entreprises affiliées la possibilité de traiter leurs affaires sous forme électronique et de réduire ainsi significativement le travail ad-ministratif.</p>



<p>Avec ses 36 employés, l’AZA a une taille humaine. Nos canaux de communication sont courts et directs. Pour chaque domaine spécialisé, nous disposons de plusieurs interlocuteurs compétents pour des conseils individuels et des transactions simples. </p>



<p>L’AZA est membre de <a href="http://www.vvak.ch/" target="_blank" rel="noreferrer noopener">l’Association suisse des caisses de compensation professionnelles (ACCP)</a>. Ses affiliés sont les seuls spécialistes non gouvernementaux de la mise en œuvre du premier pilier. En tant que prestataires de services privés, indépendants et neutres, ils garantissent un haut niveau de sécurité dans le traitement des assurances sociales.</p>



<p>En collaboration avec les caisses cantonales de compensation, les caisses de compensation de l’affiliation assurent la mise en œuvre décentralisée de l’AVS et des assurances sociales y afférentes, telles que l’AI, l’APG et les allocations familiales, comme prévu par la Constitution. Ce modèle est constitutionnellement établi et a fait ses preuves depuis plus de 70 ans. Il est orienté vers le citoyen, flexible, facilement contrôlable et encourage une mise en œuvre efficace et, grâce à la concurrence, rentable. Les caisses de compensation sont des entreprises à but non lucratif typiques. </p>



<h2 class="wp-block-heading" id="taches">Tâches</h2>



<p>L’AZA gère les assurances sociales et tâche y relatives ci-après:</p>



<ul class="wp-block-list o-list--ul">
<li><strong>AVS et AI</strong> (premier pilier) <br>Assurance vieillesse et survivants, assurance invalidité </li>



<li><strong>APG</strong> (allocation perte de gain) <br>Prestations de compensation de perte de gain en cas de service auprès de l’armée suisse, de protection civile, de service civile, de participation à des cours de Jeunesse &amp; Sport, et en cas de maternité et de paternité </li>



<li><strong>AMat-GE</strong><br>Assurance-maternité genevoise </li>



<li><strong>AC</strong><br>Assurance chômage (prélèvement des cotisations) </li>



<li><strong>CAF</strong> (Caisse d’allocation familiale) <br>Mise en œuvre du règlement sur les allocations familiales dans tous les cantons </li>



<li>Les <strong>services sociaux accessoires</strong>délégués par les cantons aux caisses cantonales, tels que les fonds de formation professionnelle, les fonds familiaux, etc. (prélèvement des cotisations) </li>



<li>Contrôle de <strong>l’affiliation des employeurs</strong> pour la prévoyance professionnelle obligatoire et l’assurance-accidents (LPP et LAA) </li>



<li>Redistribution de la <strong>taxe sur le CO<sub>2</sub></strong></li>
</ul>



<h2 class="wp-block-heading" id="surveillance">Surveillance</h2>



<p>La Vereinigung Zürcherischer Arbeitgeberorganisationen (VZA) est l’organisation fondatrice et donc l’organisation faîtière de l’AZA et de la FZA. En tant qu&rsquo;organisation faîtière des employeurs zurichois, la VZA réunit les quatre sous-affiliations suivantes</p>



<ul class="wp-block-list o-list--ul">
<li><a aria-label="Arbeitgeber Zürich VZH (öffnet in neuem Tab)" href="https://www.vzh.ch" target="_blank" rel="noreferrer noopener">Arbeitgeber Zürich VZH</a></li>



<li>Zürcher Bankenverband (<a aria-label=" (öffnet in neuem Tab)" href="https://zuercher-bankenverband.ch" target="_blank" rel="noreferrer noopener">ZBV</a>)</li>



<li>KMU- und Gewerbeverband Kanton Zürich (<a aria-label=" (öffnet in neuem Tab)" href="https://www.kgv.ch" target="_blank" rel="noreferrer noopener">KGV</a>)</li>



<li>Vereinigung Zürcherischer Arbeitgeberverbände der Industrie (<a aria-label=" (öffnet in neuem Tab)" href="http://www.vzai.ch" target="_blank" rel="noreferrer noopener">VZAI</a>)</li>
</ul>



<p>Les comités de l’AZA et de la FZA sont composés de délégués de ces quatre affiliations. Les compétences, les responsabilités et les fonctions sont similaires à celles d’un conseil d’administration. </p>



<ul class="wp-block-list o-list--ul">
<li><strong>Christian Bretscher</strong>, lic.iur. (pré­si­dent)<br>Directeur et représentant ZBV&nbsp;</li>



<li><strong>Philipp Marti,</strong> lic.oec. HSG (vice -pré­si­dent)<br>Président et représentant Arbeitgeber Zürich VZH</li>



<li><strong>Thomas Hess,</strong> lic.phil. (membre)<br>Directeur et représentant KGV Zürich</li>



<li><strong>Christian Müller </strong>(membre)<br>Président et représentant VZAI</li>



<li><strong>Daphne Rich</strong>, Dr.rer.oec.<strong> </strong>(membre)<br>Head Human Resources et représentant der Arbeitgeber Zürich VZH</li>
</ul>



<h2 class="wp-block-heading" id="vision-mission">Vision / Mission</h2>



<ul class="wp-block-list o-list--ul">
<li><strong>Au service de nos clientes et clients</strong> – En tant que partenaire compréhensif et serviable, nous offrons aux entreprises membres, aux bénéficiaires de prestations et aux assurés un service compétent et axé sur la pratique, leur procurant ainsi une réelle valeur ajoutée.</li>



<li><strong>Précieux pour nos fondateurs </strong>– Grâce à nos prestations, nous créons une raison essentielle d’adhérer aux associations membres de l’Association des organisations patronales zurichoises.</li>



<li><strong>Forts en équipe</strong> – Nous encourageons et exigeons de nos collaboratrices et collaborateurs qu’ils fournissent ensemble et individuellement des prestations de haut niveau.</li>



<li><strong>Efficaces et efficients</strong> – Nous maintenons une organisation et des processus simples et personnalisés.</li>
</ul>



<h2 class="wp-block-heading" id="affiliation">Affiliation</h2>



<p>Les règles régissant le décompte de l’AVS via les caisses de compensation font partie intégrante de la loi sur l’AVS et laissent peu de marge de manœuvre. L’AZA est en principe ouverte à tous les travailleurs indépendants et à tous les employeurs qui sont affiliés de l’une des quatre organisations <a aria-label="Arbeitgeber Zürich VZH (öffnet in neuem Tab)" href="https://www.vzh.ch" target="_blank" rel="noreferrer noopener">Arbeitgeber Zürich VZH</a>, <a href="https://zuercher-bankenverband.ch" target="_blank" rel="noreferrer noopener">ZBV</a> (Zürcher Bankenverband), <a href="https://www.kgv.ch" target="_blank" rel="noreferrer noopener">KGV</a> (KMU- und Gewerbeverband Kanton Zürich) et <a href="http://www.vzai.ch" target="_blank" rel="noreferrer noopener">VZAI</a> (Vereinigung Zürcherischer Arbeitgeberverbände der Industrie). Le règlement légal d’affiliation dicte que les affiliés de l’affiliation doivent facturer l’AVS, l’AI, les APG, l’AC et la CAF ainsi que les autres services sociaux via notre caisse de compensa-tion.</p>



<p>En cas d’affiliation à plusieurs affiliations fondatrices de caisses de compensation, le choix est libre. En l’absence d’une telle affiliation, le membre est affilié à la caisse cantonale de compensation.</p>

<p>L’Ausgleichskasse Zürcher Arbeitgeber (AZA) a été fondée en 1948, en même temps que l’entrée en vigueur de la Loi fédérale…</p>
